{"id":2893,"date":"2024-06-29T07:36:06","date_gmt":"2024-06-29T06:36:06","guid":{"rendered":"http:\/\/www.clubalpine.net\/?page_id=2893"},"modified":"2024-11-17T12:02:47","modified_gmt":"2024-11-17T11:02:47","slug":"41-eme-edition-croix-en-ternois-2024","status":"publish","type":"page","link":"http:\/\/www.clubalpine.net\/index.php\/41-eme-edition-croix-en-ternois-2024\/","title":{"rendered":"# 41 \u00e9me Edition Croix en Ternois 2024"},"content":{"rendered":"\n<p>Le samedi 7 septembre 2024, s&rsquo;est d\u00e9roul\u00e9e notre <a href=\"https:\/\/www.facebook.com\/events\/490144743472826\/?__cft__[0]=AZV0JN_2ciw-kkLDP73punU0L40eENXzonOy15Z8MDsBHIz28LGsClOthegWQrxkNbGCe41glfeccZFZwtYodbd3rjxY-HmqcAoumK7q0D-J3RcBXVP-Q9hxd9c4pb2jdwTmXlTDmtHfex5PsH-IbuS5pJP-KBqw00B93oqxOSEXNRtpKc91fa-Z9KqR8azxmlQ&amp;__tn__=-UK-R\">41\u00e9me Concentration Alpine &amp; Gordini<\/a> sur le <a href=\"https:\/\/www.facebook.com\/Circuit-de-Croix-en-Ternois-679892552182430\/?__cft__[0]=AZV0JN_2ciw-kkLDP73punU0L40eENXzonOy15Z8MDsBHIz28LGsClOthegWQrxkNbGCe41glfeccZFZwtYodbd3rjxY-HmqcAoumK7q0D-J3RcBXVP-Q9hxd9c4pb2jdwTmXlTDmtHfex5PsH-IbuS5pJP-KBqw00B93oqxOSEXNRtpKc91fa-Z9KqR8azxmlQ&amp;__tn__=kK-R\">Circuit de Croix-en-Ternois<\/a>. D\u00e8s 8h, toute l&rsquo;\u00e9quipe et les b\u00e9n\u00e9voles de l&rsquo;ASAN \u00e9taient mobilis\u00e9s pour pr\u00e9parer l&rsquo;accueil des participants. Les barnums ont \u00e9t\u00e9 install\u00e9s \u00e0 l&rsquo;entr\u00e9e pour accueillir les visiteurs, ainsi que la boutique du club sur le paddock.<\/p>\n\n\n\n<p>Cette ann\u00e9e, le <a href=\"https:\/\/www.facebook.com\/AlpineLille?__cft__[0]=AZV0JN_2ciw-kkLDP73punU0L40eENXzonOy15Z8MDsBHIz28LGsClOthegWQrxkNbGCe41glfeccZFZwtYodbd3rjxY-HmqcAoumK7q0D-J3RcBXVP-Q9hxd9c4pb2jdwTmXlTDmtHfex5PsH-IbuS5pJP-KBqw00B93oqxOSEXNRtpKc91fa-Z9KqR8azxmlQ&amp;__tn__=-]K-R\">Centre Alpine Lille<\/a> nous a r\u00e9serv\u00e9 une magnifique surprise : l\u2019Alpine A110 Pikes Peak &#8211; America&rsquo;s <a><\/a>Mountain, qui a particip\u00e9 \u00e0 la c\u00e9l\u00e8bre course dans le Colorado, \u00e9tait expos\u00e9e en statique sur le circuit. Un grand merci pour ce cadeau exceptionnel qui a cr\u00e9\u00e9 l&rsquo;effervescence dans le paddock.<\/p>\n\n\n\n<p><strong>D\u00e9couvrez les albums photo de nos diff\u00e9rents reporters sur notre page Facebook et notre cha\u00eene YouTube !<\/strong><\/p>\n\n\n\n<ul class=\"wp-block-social-links aligncenter is-layout-flex wp-block-social-links-is-layout-flex\"><li class=\"wp-social-link wp-social-link-facebook  wp-block-social-link\"><a rel=\"noopener nofollow\" target=\"_blank\" href=\"https:\/\/www.facebook.com\/media\/set\/?vanity=ClubAlpineAsan&#038;set=a.1105957744864428\" class=\"wp-block-social-link-anchor\"><svg width=\"24\" height=\"24\" viewBox=\"0 0 24 24\" version=\"1.1\" xmlns=\"http:\/\/www.w3.org\/2000\/svg\" aria-hidden=\"true\" focusable=\"false\"><path d=\"M12 2C6.5 2 2 6.5 2 12c0 5 3.7 9.1 8.4 9.9v-7H7.9V12h2.5V9.8c0-2.5 1.5-3.9 3.8-3.9 1.1 0 2.2.2 2.2.2v2.5h-1.3c-1.2 0-1.6.8-1.6 1.6V12h2.8l-.4 2.9h-2.3v7C18.3 21.1 22 17 22 12c0-5.5-4.5-10-10-10z\"><\/path><\/svg><span class=\"wp-block-social-link-label screen-reader-text\">Facebook<\/span><\/a><\/li>\n\n<li class=\"wp-social-link wp-social-link-youtube  wp-block-social-link\"><a rel=\"noopener nofollow\" target=\"_blank\" href=\"https:\/\/www.youtube.com\/@ClubAlpineAsan\" class=\"wp-block-social-link-anchor\"><svg width=\"24\" height=\"24\" viewBox=\"0 0 24 24\" version=\"1.1\" xmlns=\"http:\/\/www.w3.org\/2000\/svg\" aria-hidden=\"true\" focusable=\"false\"><path d=\"M21.8,8.001c0,0-0.195-1.378-0.795-1.985c-0.76-0.797-1.613-0.801-2.004-0.847c-2.799-0.202-6.997-0.202-6.997-0.202 h-0.009c0,0-4.198,0-6.997,0.202C4.608,5.216,3.756,5.22,2.995,6.016C2.395,6.623,2.2,8.001,2.2,8.001S2,9.62,2,11.238v1.517 c0,1.618,0.2,3.237,0.2,3.237s0.195,1.378,0.795,1.985c0.761,0.797,1.76,0.771,2.205,0.855c1.6,0.153,6.8,0.201,6.8,0.201 s4.203-0.006,7.001-0.209c0.391-0.047,1.243-0.051,2.004-0.847c0.6-0.607,0.795-1.985,0.795-1.985s0.2-1.618,0.2-3.237v-1.517 C22,9.62,21.8,8.001,21.8,8.001z M9.935,14.594l-0.001-5.62l5.404,2.82L9.935,14.594z\"><\/path><\/svg><span class=\"wp-block-social-link-label screen-reader-text\">YouTube<\/span><\/a><\/li><\/ul>\n\n\n\n<div id='gallery-1' class='gallery galleryid-2893 gallery-columns-3 gallery-size-thumbnail'><figure class='gallery-item'>\n\t\t\t<div class='gallery-icon portrait'>\n\t\t\t\t<a href='http:\/\/www.clubalpine.net\/index.php\/41-eme-edition-croix-en-ternois-2024\/459458981_1112375150889354_1933492303711808282_n\/'><img loading=\"lazy\" decoding=\"async\" width=\"150\" height=\"150\" src=\"http:\/\/www.clubalpine.net\/wp-content\/uploads\/2024\/11\/459458981_1112375150889354_1933492303711808282_n-150x150.jpg\" class=\"attachment-thumbnail size-thumbnail\" alt=\"\" srcset=\"http:\/\/www.clubalpine.net\/wp-content\/uploads\/2024\/11\/459458981_1112375150889354_1933492303711808282_n-150x150.jpg 150w, http:\/\/www.clubalpine.net\/wp-content\/uploads\/2024\/11\/459458981_1112375150889354_1933492303711808282_n-300x300.jpg 300w, http:\/\/www.clubalpine.net\/wp-content\/uploads\/2024\/11\/459458981_1112375150889354_1933492303711808282_n-75x75.jpg 75w\" sizes=\"auto, (max-width: 150px) 100vw, 150px\" \/><\/a>\n\t\t\t<\/div><\/figure><figure class='gallery-item'>\n\t\t\t<div class='gallery-icon portrait'>\n\t\t\t\t<a href='http:\/\/www.clubalpine.net\/index.php\/41-eme-edition-croix-en-ternois-2024\/459675390_1112376184222584_8927706985324100735_n\/'><img loading=\"lazy\" decoding=\"async\" width=\"150\" height=\"150\" src=\"http:\/\/www.clubalpine.net\/wp-content\/uploads\/2024\/11\/459675390_1112376184222584_8927706985324100735_n-150x150.jpg\" class=\"attachment-thumbnail size-thumbnail\" alt=\"\" srcset=\"http:\/\/www.clubalpine.net\/wp-content\/uploads\/2024\/11\/459675390_1112376184222584_8927706985324100735_n-150x150.jpg 150w, http:\/\/www.clubalpine.net\/wp-content\/uploads\/2024\/11\/459675390_1112376184222584_8927706985324100735_n-300x300.jpg 300w, http:\/\/www.clubalpine.net\/wp-content\/uploads\/2024\/11\/459675390_1112376184222584_8927706985324100735_n-75x75.jpg 75w\" sizes=\"auto, (max-width: 150px) 100vw, 150px\" \/><\/a>\n\t\t\t<\/div><\/figure><figure class='gallery-item'>\n\t\t\t<div class='gallery-icon portrait'>\n\t\t\t\t<a href='http:\/\/www.clubalpine.net\/index.php\/41-eme-edition-croix-en-ternois-2024\/459712389_1112375744222628_1768938226954250417_n\/'><img loading=\"lazy\" decoding=\"async\" width=\"150\" height=\"150\" src=\"http:\/\/www.clubalpine.net\/wp-content\/uploads\/2024\/11\/459712389_1112375744222628_1768938226954250417_n-150x150.jpg\" class=\"attachment-thumbnail size-thumbnail\" alt=\"\" srcset=\"http:\/\/www.clubalpine.net\/wp-content\/uploads\/2024\/11\/459712389_1112375744222628_1768938226954250417_n-150x150.jpg 150w, http:\/\/www.clubalpine.net\/wp-content\/uploads\/2024\/11\/459712389_1112375744222628_1768938226954250417_n-300x300.jpg 300w, http:\/\/www.clubalpine.net\/wp-content\/uploads\/2024\/11\/459712389_1112375744222628_1768938226954250417_n-75x75.jpg 75w\" sizes=\"auto, (max-width: 150px) 100vw, 150px\" \/><\/a>\n\t\t\t<\/div><\/figure><figure class='gallery-item'>\n\t\t\t<div class='gallery-icon portrait'>\n\t\t\t\t<a href='http:\/\/www.clubalpine.net\/index.php\/41-eme-edition-croix-en-ternois-2024\/459756960_1112375134222689_3869716710011526772_n\/'><img loading=\"lazy\" decoding=\"async\" width=\"150\" height=\"150\" src=\"http:\/\/www.clubalpine.net\/wp-content\/uploads\/2024\/11\/459756960_1112375134222689_3869716710011526772_n-150x150.jpg\" class=\"attachment-thumbnail size-thumbnail\" alt=\"\" srcset=\"http:\/\/www.clubalpine.net\/wp-content\/uploads\/2024\/11\/459756960_1112375134222689_3869716710011526772_n-150x150.jpg 150w, http:\/\/www.clubalpine.net\/wp-content\/uploads\/2024\/11\/459756960_1112375134222689_3869716710011526772_n-300x300.jpg 300w, http:\/\/www.clubalpine.net\/wp-content\/uploads\/2024\/11\/459756960_1112375134222689_3869716710011526772_n-75x75.jpg 75w\" sizes=\"auto, (max-width: 150px) 100vw, 150px\" \/><\/a>\n\t\t\t<\/div><\/figure><figure class='gallery-item'>\n\t\t\t<div class='gallery-icon portrait'>\n\t\t\t\t<a href='http:\/\/www.clubalpine.net\/index.php\/41-eme-edition-croix-en-ternois-2024\/459776071_1112375154222687_6555376281991855920_n\/'><img loading=\"lazy\" decoding=\"async\" width=\"150\" height=\"150\" src=\"http:\/\/www.clubalpine.net\/wp-content\/uploads\/2024\/11\/459776071_1112375154222687_6555376281991855920_n-150x150.jpg\" class=\"attachment-thumbnail size-thumbnail\" alt=\"\" srcset=\"http:\/\/www.clubalpine.net\/wp-content\/uploads\/2024\/11\/459776071_1112375154222687_6555376281991855920_n-150x150.jpg 150w, http:\/\/www.clubalpine.net\/wp-content\/uploads\/2024\/11\/459776071_1112375154222687_6555376281991855920_n-300x300.jpg 300w, http:\/\/www.clubalpine.net\/wp-content\/uploads\/2024\/11\/459776071_1112375154222687_6555376281991855920_n-75x75.jpg 75w\" sizes=\"auto, (max-width: 150px) 100vw, 150px\" \/><\/a>\n\t\t\t<\/div><\/figure><figure class='gallery-item'>\n\t\t\t<div class='gallery-icon portrait'>\n\t\t\t\t<a href='http:\/\/www.clubalpine.net\/index.php\/41-eme-edition-croix-en-ternois-2024\/459826963_1112376734222529_6909985139725253842_n\/'><img loading=\"lazy\" decoding=\"async\" width=\"150\" height=\"150\" src=\"http:\/\/www.clubalpine.net\/wp-content\/uploads\/2024\/11\/459826963_1112376734222529_6909985139725253842_n-150x150.jpg\" class=\"attachment-thumbnail size-thumbnail\" alt=\"\" srcset=\"http:\/\/www.clubalpine.net\/wp-content\/uploads\/2024\/11\/459826963_1112376734222529_6909985139725253842_n-150x150.jpg 150w, http:\/\/www.clubalpine.net\/wp-content\/uploads\/2024\/11\/459826963_1112376734222529_6909985139725253842_n-300x300.jpg 300w, http:\/\/www.clubalpine.net\/wp-content\/uploads\/2024\/11\/459826963_1112376734222529_6909985139725253842_n-75x75.jpg 75w\" sizes=\"auto, (max-width: 150px) 100vw, 150px\" \/><\/a>\n\t\t\t<\/div><\/figure><figure class='gallery-item'>\n\t\t\t<div class='gallery-icon portrait'>\n\t\t\t\t<a href='http:\/\/www.clubalpine.net\/index.php\/41-eme-edition-croix-en-ternois-2024\/459829574_1112376590889210_5833140693863962908_n\/'><img loading=\"lazy\" decoding=\"async\" width=\"150\" height=\"150\" src=\"http:\/\/www.clubalpine.net\/wp-content\/uploads\/2024\/11\/459829574_1112376590889210_5833140693863962908_n-150x150.jpg\" class=\"attachment-thumbnail size-thumbnail\" alt=\"\" srcset=\"http:\/\/www.clubalpine.net\/wp-content\/uploads\/2024\/11\/459829574_1112376590889210_5833140693863962908_n-150x150.jpg 150w, http:\/\/www.clubalpine.net\/wp-content\/uploads\/2024\/11\/459829574_1112376590889210_5833140693863962908_n-300x300.jpg 300w, http:\/\/www.clubalpine.net\/wp-content\/uploads\/2024\/11\/459829574_1112376590889210_5833140693863962908_n-75x75.jpg 75w\" sizes=\"auto, (max-width: 150px) 100vw, 150px\" \/><\/a>\n\t\t\t<\/div><\/figure><figure class='gallery-item'>\n\t\t\t<div class='gallery-icon portrait'>\n\t\t\t\t<a href='http:\/\/www.clubalpine.net\/index.php\/41-eme-edition-croix-en-ternois-2024\/460445679_1112377357555800_5309638956329224129_n\/'><img loading=\"lazy\" decoding=\"async\" width=\"150\" height=\"150\" src=\"http:\/\/www.clubalpine.net\/wp-content\/uploads\/2024\/11\/460445679_1112377357555800_5309638956329224129_n-150x150.jpg\" class=\"attachment-thumbnail size-thumbnail\" alt=\"\" srcset=\"http:\/\/www.clubalpine.net\/wp-content\/uploads\/2024\/11\/460445679_1112377357555800_5309638956329224129_n-150x150.jpg 150w, http:\/\/www.clubalpine.net\/wp-content\/uploads\/2024\/11\/460445679_1112377357555800_5309638956329224129_n-300x300.jpg 300w, http:\/\/www.clubalpine.net\/wp-content\/uploads\/2024\/11\/460445679_1112377357555800_5309638956329224129_n-75x75.jpg 75w\" sizes=\"auto, (max-width: 150px) 100vw, 150px\" \/><\/a>\n\t\t\t<\/div><\/figure><figure class='gallery-item'>\n\t\t\t<div class='gallery-icon landscape'>\n\t\t\t\t<a href='http:\/\/www.clubalpine.net\/index.php\/41-eme-edition-croix-en-ternois-2024\/458991010_1106560381470831_440473975891973749_n\/'><img loading=\"lazy\" decoding=\"async\" width=\"150\" height=\"150\" src=\"http:\/\/www.clubalpine.net\/wp-content\/uploads\/2024\/11\/458991010_1106560381470831_440473975891973749_n-150x150.jpg\" class=\"attachment-thumbnail size-thumbnail\" alt=\"\" srcset=\"http:\/\/www.clubalpine.net\/wp-content\/uploads\/2024\/11\/458991010_1106560381470831_440473975891973749_n-150x150.jpg 150w, http:\/\/www.clubalpine.net\/wp-content\/uploads\/2024\/11\/458991010_1106560381470831_440473975891973749_n-300x300.jpg 300w, http:\/\/www.clubalpine.net\/wp-content\/uploads\/2024\/11\/458991010_1106560381470831_440473975891973749_n-75x75.jpg 75w\" sizes=\"auto, (max-width: 150px) 100vw, 150px\" \/><\/a>\n\t\t\t<\/div><\/figure><figure class='gallery-item'>\n\t\t\t<div class='gallery-icon landscape'>\n\t\t\t\t<a href='http:\/\/www.clubalpine.net\/index.php\/41-eme-edition-croix-en-ternois-2024\/459390352_1106560308137505_338405549260011773_n\/'><img loading=\"lazy\" decoding=\"async\" width=\"150\" height=\"150\" src=\"http:\/\/www.clubalpine.net\/wp-content\/uploads\/2024\/11\/459390352_1106560308137505_338405549260011773_n-150x150.jpg\" class=\"attachment-thumbnail size-thumbnail\" alt=\"\" srcset=\"http:\/\/www.clubalpine.net\/wp-content\/uploads\/2024\/11\/459390352_1106560308137505_338405549260011773_n-150x150.jpg 150w, http:\/\/www.clubalpine.net\/wp-content\/uploads\/2024\/11\/459390352_1106560308137505_338405549260011773_n-300x300.jpg 300w, http:\/\/www.clubalpine.net\/wp-content\/uploads\/2024\/11\/459390352_1106560308137505_338405549260011773_n-75x75.jpg 75w\" sizes=\"auto, (max-width: 150px) 100vw, 150px\" \/><\/a>\n\t\t\t<\/div><\/figure><figure class='gallery-item'>\n\t\t\t<div class='gallery-icon landscape'>\n\t\t\t\t<a href='http:\/\/www.clubalpine.net\/index.php\/41-eme-edition-croix-en-ternois-2024\/459394302_1106560491470820_2184106773888752763_n\/'><img loading=\"lazy\" decoding=\"async\" width=\"150\" height=\"150\" src=\"http:\/\/www.clubalpine.net\/wp-content\/uploads\/2024\/11\/459394302_1106560491470820_2184106773888752763_n-150x150.jpg\" class=\"attachment-thumbnail size-thumbnail\" alt=\"\" srcset=\"http:\/\/www.clubalpine.net\/wp-content\/uploads\/2024\/11\/459394302_1106560491470820_2184106773888752763_n-150x150.jpg 150w, http:\/\/www.clubalpine.net\/wp-content\/uploads\/2024\/11\/459394302_1106560491470820_2184106773888752763_n-300x300.jpg 300w, http:\/\/www.clubalpine.net\/wp-content\/uploads\/2024\/11\/459394302_1106560491470820_2184106773888752763_n-75x75.jpg 75w\" sizes=\"auto, (max-width: 150px) 100vw, 150px\" \/><\/a>\n\t\t\t<\/div><\/figure>\n\t\t<\/div>\n\n","protected":false},"excerpt":{"rendered":"<p>Le samedi 7 septembre 2024, s&rsquo;est d\u00e9roul\u00e9e notre 41\u00e9me Concentration Alpine &amp; Gordini sur le Circuit de Croix-en-Ternois. D\u00e8s 8h, toute l&rsquo;\u00e9quipe et les b\u00e9n\u00e9voles de l&rsquo;ASAN \u00e9taient mobilis\u00e9s pour pr\u00e9parer l&rsquo;accueil des participants. Les barnums ont \u00e9t\u00e9 install\u00e9s \u00e0 l&rsquo;entr\u00e9e pour accueillir les visiteurs, ainsi que la boutique du club sur le paddock. Cette ann\u00e9e, le Centre Alpine Lille nous a r\u00e9serv\u00e9 une magnifique surprise : l\u2019Alpine A110 Pikes Peak &#8211; America&rsquo;s Mountain, qui a particip\u00e9 \u00e0 la c\u00e9l\u00e8bre course dans le Colorado, \u00e9tait expos\u00e9e en statique sur le circuit. Un grand merci pour ce cadeau exceptionnel qui a cr\u00e9\u00e9 l&rsquo;effervescence dans le paddock. D\u00e9couvrez les albums photo de nos diff\u00e9rents reporters sur notre page Facebook et notre cha\u00eene YouTube !<\/p>\n","protected":false},"author":6,"featured_media":2921,"parent":0,"menu_order":0,"comment_status":"closed","ping_status":"closed","template":"","meta":{"_EventAllDay":false,"_EventTimezone":"","_EventStartDate":"","_EventEndDate":"","_EventStartDateUTC":"","_EventEndDateUTC":"","_EventShowMap":false,"_EventShowMapLink":false,"_EventURL":"","_EventCost":"","_EventCostDescription":"","_EventCurrencySymbol":"","_EventCurrencyCode":"","_EventCurrencyPosition":"","_EventDateTimeSeparator":"","_EventTimeRangeSeparator":"","_EventOrganizerID":[],"_EventVenueID":[],"_OrganizerEmail":"","_OrganizerPhone":"","_OrganizerWebsite":"","_VenueAddress":"","_VenueCity":"","_VenueCountry":"","_VenueProvince":"","_VenueState":"","_VenueZip":"","_VenuePhone":"","_VenueURL":"","_VenueStateProvince":"","_VenueLat":"","_VenueLng":"","_VenueShowMap":false,"_VenueShowMapLink":false,"footnotes":""},"class_list":["post-2893","page","type-page","status-publish","has-post-thumbnail","hentry"],"_links":{"self":[{"href":"http:\/\/www.clubalpine.net\/index.php\/wp-json\/wp\/v2\/pages\/2893","targetHints":{"allow":["GET"]}}],"collection":[{"href":"http:\/\/www.clubalpine.net\/index.php\/wp-json\/wp\/v2\/pages"}],"about":[{"href":"http:\/\/www.clubalpine.net\/index.php\/wp-json\/wp\/v2\/types\/page"}],"author":[{"embeddable":true,"href":"http:\/\/www.clubalpine.net\/index.php\/wp-json\/wp\/v2\/users\/6"}],"replies":[{"embeddable":true,"href":"http:\/\/www.clubalpine.net\/index.php\/wp-json\/wp\/v2\/comments?post=2893"}],"version-history":[{"count":24,"href":"http:\/\/www.clubalpine.net\/index.php\/wp-json\/wp\/v2\/pages\/2893\/revisions"}],"predecessor-version":[{"id":2949,"href":"http:\/\/www.clubalpine.net\/index.php\/wp-json\/wp\/v2\/pages\/2893\/revisions\/2949"}],"wp:featuredmedia":[{"embeddable":true,"href":"http:\/\/www.clubalpine.net\/index.php\/wp-json\/wp\/v2\/media\/2921"}],"wp:attachment":[{"href":"http:\/\/www.clubalpine.net\/index.php\/wp-json\/wp\/v2\/media?parent=2893"}],"curies":[{"name":"wp","href":"https:\/\/api.w.org\/{rel}","templated":true}]}}